{"id":27,"date":"2020-12-09T16:24:44","date_gmt":"2020-12-09T15:24:44","guid":{"rendered":"https:\/\/johannelund.nu\/bibelskola\/?page_id=27"},"modified":"2026-02-10T16:09:12","modified_gmt":"2026-02-10T15:09:12","slug":"var","status":"publish","type":"page","link":"https:\/\/johannelund.nu\/bibelskola\/var\/","title":{"rendered":"Var?"},"content":{"rendered":"<p>[et_pb_section fb_built=&#8221;1&#8243; fullwidth=&#8221;on&#8221; admin_label=&#8221;Hero Section&#8221; _builder_version=&#8221;4.16&#8243; background_color=&#8221;#eae0a6&#8243; background_enable_video_mp4=&#8221;off&#8221; custom_margin=&#8221;-63px||||false|false&#8221; custom_padding=&#8221;49px||||false|false&#8221; global_colors_info=&#8221;{}&#8221;][et_pb_fullwidth_header text_orientation=&#8221;center&#8221; button_one_url=&#8221;@ET-DC@eyJkeW5hbWljIjp0cnVlLCJjb250ZW50IjoicG9zdF9saW5rX3VybF9wYWdlIiwic2V0dGluZ3MiOnsicG9zdF9pZCI6IjE0In19@&#8221; background_overlay_color=&#8221;rgba(9,9,9,0)&#8221; _builder_version=&#8221;4.16&#8243; _dynamic_attributes=&#8221;button_one_url&#8221; title_font=&#8221;Playfair Display SC|700||on|||||&#8221; title_text_align=&#8221;center&#8221; title_text_color=&#8221;#eae0a6&#8243; title_font_size=&#8221;65px&#8221; title_letter_spacing=&#8221;2px&#8221; title_line_height=&#8221;1.8em&#8221; subhead_font=&#8221;Playfair Display|700||on|||||&#8221; subhead_text_align=&#8221;left&#8221; subhead_text_color=&#8221;#eae0a6&#8243; subhead_font_size=&#8221;48px&#8221; subhead_line_height=&#8221;1.4em&#8221; background_color=&#8221;rgba(2,2,2,0)&#8221; background_image=&#8221;https:\/\/johannelund.nu\/bibelskola\/wp-content\/uploads\/2023\/05\/hemsidan_bibelskola_IMG_0377-scaled.jpg&#8221; background_enable_video_mp4=&#8221;off&#8221; custom_button_one=&#8221;on&#8221; button_one_text_color=&#8221;#090909&#8243; button_one_border_width=&#8221;1px&#8221; button_one_border_color=&#8221;#090909&#8243; button_one_border_radius=&#8221;0px&#8221; button_one_letter_spacing=&#8221;1px&#8221; button_one_font=&#8221;Saira Extra Condensed|600||on|||||&#8221; button_one_icon=&#8221;&#x24;||divi||400&#8243; button_one_icon_color=&#8221;#090909&#8243; custom_button_two=&#8221;on&#8221; button_two_border_width=&#8221;1px&#8221; button_two_border_color=&#8221;rgba(255,255,255,0.3)&#8221; button_two_border_radius=&#8221;0px&#8221; button_two_letter_spacing=&#8221;1px&#8221; button_two_font=&#8221;Saira Extra Condensed|600||on|||||&#8221; button_two_icon=&#8221;&#x24;||divi||400&#8243; button_two_icon_color=&#8221;#edbb5f&#8221; module_alignment=&#8221;right&#8221; min_height=&#8221;300px&#8221; custom_margin=&#8221;||||false|false&#8221; custom_padding=&#8221;4%||65px||false|false&#8221; button_one_text_color_hover=&#8221;#edbb5f&#8221; button_two_text_color_hover=&#8221;#edbb5f&#8221; button_one_bg_color_hover=&#8221;rgba(0,0,0,0)&#8221; button_two_bg_color_hover=&#8221;rgba(0,0,0,0)&#8221; global_colors_info=&#8221;{}&#8221; button_one_text_size__hover_enabled=&#8221;off&#8221; button_two_text_size__hover_enabled=&#8221;off&#8221; button_one_text_color__hover_enabled=&#8221;on|hover&#8221; button_one_text_color__hover=&#8221;#090909&#8243; button_two_text_color__hover_enabled=&#8221;on&#8221; button_two_text_color__hover=&#8221;#edbb5f&#8221; button_one_border_width__hover_enabled=&#8221;off&#8221; button_two_border_width__hover_enabled=&#8221;off&#8221; button_one_border_color__hover_enabled=&#8221;off&#8221; button_two_border_color__hover_enabled=&#8221;off&#8221; button_one_border_radius__hover_enabled=&#8221;off&#8221; button_two_border_radius__hover_enabled=&#8221;off&#8221; button_one_letter_spacing__hover_enabled=&#8221;off&#8221; button_two_letter_spacing__hover_enabled=&#8221;off&#8221; button_one_bg_color__hover_enabled=&#8221;on|hover&#8221; button_one_bg_color__hover=&#8221;rgba(0,0,0,0)&#8221; button_two_bg_color__hover_enabled=&#8221;on&#8221; button_two_bg_color__hover=&#8221;rgba(0,0,0,0)&#8221;][\/et_pb_fullwidth_header][\/et_pb_section][et_pb_section fb_built=&#8221;1&#8243; _builder_version=&#8221;4.16&#8243; _module_preset=&#8221;default&#8221; custom_padding=&#8221;0px||0px||false|false&#8221; global_colors_info=&#8221;{}&#8221;][et_pb_row column_structure=&#8221;1_2,1_2&#8243; use_custom_gutter=&#8221;on&#8221; gutter_width=&#8221;1&#8243; make_equal=&#8221;on&#8221; _builder_version=&#8221;4.27.4&#8243; max_width=&#8221;1166px&#8221; min_height=&#8221;0px&#8221; height=&#8221;336px&#8221; custom_margin=&#8221;|auto|0px|auto|false|false&#8221; custom_padding=&#8221;||0px||false|false&#8221; animation_style=&#8221;fade&#8221; locked=&#8221;off&#8221; collapsed=&#8221;off&#8221; global_colors_info=&#8221;{}&#8221;][et_pb_column type=&#8221;1_2&#8243; _builder_version=&#8221;4.25.1&#8243; background_color=&#8221;#a5d2db&#8221; custom_padding=&#8221;|||&#8221; global_colors_info=&#8221;{}&#8221; custom_padding__hover=&#8221;|||&#8221;][et_pb_divider show_divider=&#8221;off&#8221; _builder_version=&#8221;4.25.1&#8243; max_width=&#8221;60px&#8221; module_alignment=&#8221;center&#8221; height=&#8221;0px&#8221; global_colors_info=&#8221;{}&#8221;][\/et_pb_divider][et_pb_text _builder_version=&#8221;4.25.1&#8243; text_text_color=&#8221;#000000&#8243; text_font_size=&#8221;16px&#8221; text_letter_spacing=&#8221;1px&#8221; text_line_height=&#8221;2em&#8221; background_color=&#8221;RGBA(255,255,255,0)&#8221; text_orientation=&#8221;center&#8221; max_width=&#8221;1080px&#8221; module_alignment=&#8221;center&#8221; min_height=&#8221;0px&#8221; custom_margin=&#8221;||128px|||&#8221; custom_padding=&#8221;35px|35px|37px|35px|false|false&#8221; global_colors_info=&#8221;{}&#8221;]<\/p>\n<h2 style=\"text-align: left;\"><span style=\"color: #000000;\"><strong>Bo p\u00e5 skolan<\/strong><\/span><\/h2>\n<p style=\"font-weight: 400; text-align: left;\">Bibelskolans elever prioriteras och intresseanm\u00e4lningar\u00a0behandlas i enlighet med EFS riktlinjer f\u00f6r hyresg\u00e4ster.<\/p>\n<p>[\/et_pb_text][\/et_pb_column][et_pb_column type=&#8221;1_2&#8243; _builder_version=&#8221;4.27.4&#8243; _module_preset=&#8221;default&#8221; background_color=&#8221;rgba(78,101,83,0.26)&#8221; global_colors_info=&#8221;{}&#8221;][et_pb_text _builder_version=&#8221;4.27.4&#8243; text_text_color=&#8221;#000000&#8243; text_font_size=&#8221;16px&#8221; text_letter_spacing=&#8221;1px&#8221; text_line_height=&#8221;2.3em&#8221; background_color=&#8221;RGBA(255,255,255,0)&#8221; text_orientation=&#8221;center&#8221; max_width=&#8221;1080px&#8221; module_alignment=&#8221;center&#8221; custom_margin=&#8221;||0px||false|false&#8221; custom_padding=&#8221;35px|35px|35px|35px|true|false&#8221; global_colors_info=&#8221;{}&#8221;]<\/p>\n<h2 style=\"text-align: left;\">Vill du bo p\u00e5 studenthemmet?<\/h2>\n<p style=\"font-weight: 400; text-align: left;\"><strong>S\u00f6ker du under sommaren kan vi inte garantera plats p\u00e5 internatboende. <\/strong>Du kan \u00e4nd\u00e5 skicka en intresseanm\u00e4lan till<strong>\u00a0<a href=\"mailto:studenthemmet@efs.nu\">studenthemmet@efs.nu<\/a><\/strong><br \/>Ans\u00f6kningar behandlas senare under sommaren i m\u00e5n av plats.<\/p>\n<div style=\"text-align: left;\"><\/div>\n<p>[\/et_pb_text][\/et_pb_column][\/et_pb_row][et_pb_row column_structure=&#8221;1_2,1_2&#8243; use_custom_gutter=&#8221;on&#8221; _builder_version=&#8221;4.25.1&#8243; _module_preset=&#8221;default&#8221; max_width=&#8221;1164px&#8221; module_alignment=&#8221;center&#8221; min_height=&#8221;733px&#8221; custom_padding=&#8221;0px|||||&#8221; global_colors_info=&#8221;{}&#8221;][et_pb_column type=&#8221;1_2&#8243; _builder_version=&#8221;4.25.1&#8243; _module_preset=&#8221;default&#8221; global_colors_info=&#8221;{}&#8221;][et_pb_accordion open_toggle_text_color=&#8221;#e02b20&#8243; disabled_on=&#8221;off|off|off&#8221; _builder_version=&#8221;4.27.4&#8243; _module_preset=&#8221;default&#8221; toggle_text_color=&#8221;#e02b20&#8243; toggle_font_size=&#8221;18px&#8221; toggle_letter_spacing=&#8221;1px&#8221; body_text_color=&#8221;#000000&#8243; body_font_size=&#8221;16px&#8221; body_letter_spacing=&#8221;1px&#8221; text_orientation=&#8221;center&#8221; min_height=&#8221;439.1px&#8221; custom_margin=&#8221;40px||||false|false&#8221; custom_padding=&#8221;40px||||false|false&#8221; custom_css_toggle=&#8221;border: 0px;&#8221; custom_css_open_toggle=&#8221;padding: 0px;||&#8221; custom_css_toggle_title=&#8221;padding: 0px;&#8221; custom_css_toggle_icon=&#8221;right: -16px;&#8221; global_colors_info=&#8221;{}&#8221;][et_pb_accordion_item title=&#8221;rumshyra&#8221; open=&#8221;on&#8221; open_toggle_text_color=&#8221;#000000&#8243; _builder_version=&#8221;4.27.4&#8243; _module_preset=&#8221;default&#8221; global_colors_info=&#8221;{}&#8221; toggle_text_align=&#8221;left&#8221;]<\/p>\n<p style=\"text-align: left;\">Rumshyran varierar beroende p\u00e5 typen av rum. Det finns enkelrum samt ett f\u00e5tal dubbletter med eller utan eget pentry.<\/p>\n<p style=\"text-align: left;\"><strong>Aktuella priser h\u00f6sten 2025:<\/strong><br \/>Enkelrum 4 595 kr\/m\u00e5n<br \/>Dubblett med pentry 4 595 kr\/m\u00e5n<br \/>Dubblett utan pentry 4 279 kr\/m\u00e5n<br \/><span>Dubblett f\u00f6r en person 7025 kr<br \/><\/span><br \/>Vid inflyttning p\u00e5 studenthemmet tas en depositionsavgift p\u00e5 1 000 kr ut, som \u00e5terbetalas efter utflytt<\/p>\n<p>[\/et_pb_accordion_item][et_pb_accordion_item title=&#8221;s\u00e4ngutrustning&#8221; open_toggle_text_color=&#8221;#000000&#8243; _builder_version=&#8221;4.25.1&#8243; _module_preset=&#8221;default&#8221; text_orientation=&#8221;left&#8221; global_colors_info=&#8221;{}&#8221; toggle_text_color=&#8221;#000000&#8243; toggle_text_align=&#8221;left&#8221; open=&#8221;off&#8221;]<\/p>\n<p>Du beh\u00f6ver ta med dig lakan, t\u00e4cke, kudde och \u00f6verkast.<\/p>\n<p>[\/et_pb_accordion_item][et_pb_accordion_item title=&#8221;Rum, m\u00f6bler, tv\u00e4ttstuga, bredband&#8221; _builder_version=&#8221;4.25.1&#8243; _module_preset=&#8221;default&#8221; global_colors_info=&#8221;{}&#8221; toggle_text_color=&#8221;#000000&#8243; toggle_text_align=&#8221;left&#8221; open=&#8221;off&#8221;]<\/p>\n<p style=\"text-align: left;\">Rummen har oftast egen toalett och dusch, medan en del \u00e4r s\u00e5 kallade dubbletter med delat badrum. Rummen \u00e4r basm\u00f6blerade. Tv\u00e4ttstuga finns p\u00e5 bottenv\u00e5ning.<br \/>WiFi ing\u00e5r i hyran.<\/p>\n<p>[\/et_pb_accordion_item][et_pb_accordion_item title=&#8221;k\u00f6k&#8221; _builder_version=&#8221;4.25.1&#8243; _module_preset=&#8221;default&#8221; global_colors_info=&#8221;{}&#8221; toggle_text_color=&#8221;#000000&#8243; toggle_text_align=&#8221;left&#8221; open=&#8221;off&#8221;]<\/p>\n<p style=\"text-align: left;\">K\u00f6k finns p\u00e5 varje v\u00e5ningsplan. Utrustningen i korridorernas k\u00f6k \u00e4r en basutrustning av porslin, bestick och kokk\u00e4rl, ett litet matsk\u00e5p per rum samt plats i delad kyl och frys. Studenterna st\u00e4dar sj\u00e4lva k\u00f6k och korridor enligt s\u00e4rskilt st\u00e4dschema.<\/p>\n<p>[\/et_pb_accordion_item][\/et_pb_accordion][et_pb_image src=&#8221;https:\/\/johannelund.nu\/bibelskola\/wp-content\/uploads\/2023\/05\/IMG_1163.png&#8221; title_text=&#8221;IMG_1163&#8243; align=&#8221;center&#8221; _builder_version=&#8221;4.16&#8243; _module_preset=&#8221;default&#8221; custom_margin=&#8221;|540px||||&#8221; custom_padding=&#8221;|162px||||&#8221; global_colors_info=&#8221;{}&#8221;][\/et_pb_image][\/et_pb_column][et_pb_column type=&#8221;1_2&#8243; _builder_version=&#8221;4.25.1&#8243; _module_preset=&#8221;default&#8221; global_colors_info=&#8221;{}&#8221;][et_pb_image src=&#8221;https:\/\/johannelund.nu\/bibelskola\/wp-content\/uploads\/2023\/05\/IMG_1176.png&#8221; title_text=&#8221;IMG_1176&#8243; _builder_version=&#8221;4.25.1&#8243; _module_preset=&#8221;default&#8221; global_colors_info=&#8221;{}&#8221;][\/et_pb_image][\/et_pb_column][\/et_pb_row][et_pb_row column_structure=&#8221;1_2,1_2&#8243; use_custom_gutter=&#8221;on&#8221; gutter_width=&#8221;1&#8243; make_equal=&#8221;on&#8221; _builder_version=&#8221;4.25.1&#8243; background_color=&#8221;RGBA(255,255,255,0)&#8221; max_width=&#8221;1166px&#8221; min_height=&#8221;0px&#8221; custom_margin=&#8221;|auto|0px|auto|false|false&#8221; custom_padding=&#8221;0px||25px||false|false&#8221; animation_style=&#8221;fade&#8221; locked=&#8221;off&#8221; collapsed=&#8221;off&#8221; global_colors_info=&#8221;{}&#8221;][et_pb_column type=&#8221;1_2&#8243; _builder_version=&#8221;4.25.1&#8243; background_color=&#8221;#ffce00&#8243; custom_padding=&#8221;|||&#8221; global_colors_info=&#8221;{}&#8221; custom_padding__hover=&#8221;|||&#8221;][et_pb_divider show_divider=&#8221;off&#8221; _builder_version=&#8221;4.25.1&#8243; max_width=&#8221;60px&#8221; module_alignment=&#8221;center&#8221; height=&#8221;0px&#8221; global_colors_info=&#8221;{}&#8221;][\/et_pb_divider][et_pb_text _builder_version=&#8221;4.25.1&#8243; text_text_color=&#8221;#000000&#8243; text_font_size=&#8221;16px&#8221; text_letter_spacing=&#8221;1px&#8221; text_line_height=&#8221;2em&#8221; background_color=&#8221;RGBA(255,255,255,0)&#8221; text_orientation=&#8221;center&#8221; max_width=&#8221;1080px&#8221; module_alignment=&#8221;center&#8221; min_height=&#8221;0px&#8221; custom_margin=&#8221;||128px|||&#8221; custom_padding=&#8221;35px|35px|37px|35px|false|false&#8221; global_colors_info=&#8221;{}&#8221;]<\/p>\n<h2 style=\"text-align: left;\">johannelunds teologiska h\u00f6gskola<\/h2>\n<h4 style=\"text-align: left;\">grundat 1862<\/h4>\n<p style=\"text-align: left;\">Johannelund \u00e4r Sveriges \u00e4ldsta frist\u00e5ende teologiska utbildning och bedriver integrerade teologiska studier. Att l\u00e4sa teologi p\u00e5 Johannelund \u00e4r en bra grund f\u00f6r alla f\u00f6rsamlingsrelaterade tj\u00e4nster.<\/p>\n<p style=\"text-align: left;\">Johannelund har en historiskt n\u00e4ra koppling till EFS (Evangeliska fosterlands-stiftelsen). EFS \u00e4r en missionsr\u00f6relse inom Svenska kyrkan och arbetar f\u00f6r att se m\u00e4nniskor och samh\u00e4llen f\u00f6rvandlade av Jesus.<\/p>\n<p>[\/et_pb_text][\/et_pb_column][et_pb_column type=&#8221;1_2&#8243; _builder_version=&#8221;4.25.1&#8243; _module_preset=&#8221;default&#8221; background_color=&#8221;#9b2449&#8243; global_colors_info=&#8221;{}&#8221;][et_pb_text _builder_version=&#8221;4.25.1&#8243; text_text_color=&#8221;#000000&#8243; text_font_size=&#8221;16px&#8221; text_letter_spacing=&#8221;1px&#8221; text_line_height=&#8221;2.3em&#8221; background_color=&#8221;RGBA(255,255,255,0)&#8221; text_orientation=&#8221;center&#8221; max_width=&#8221;1080px&#8221; module_alignment=&#8221;center&#8221; custom_margin=&#8221;||0px||false|false&#8221; custom_padding=&#8221;35px|35px|35px|35px|true|false&#8221; global_colors_info=&#8221;{}&#8221;]<\/p>\n<h2 style=\"text-align: left;\"><span style=\"color: #ffffff;\">uppsala<\/span><\/h2>\n<h4 style=\"text-align: left;\"><span style=\"color: #ffffff;\">sveriges fj\u00e4rde st\u00f6rsta t\u00e4tort<\/span><\/h4>\n<p style=\"text-align: left;\"><span style=\"color: #ffffff;\">Uppsala \u00e4r en sp\u00e4nnande plats. H\u00e4r finns landets centrum f\u00f6r b\u00e5de teologi och akademi. Sedan 1164 \u00e4r Uppsala kyrkligt centrum i Sverige i och med dess \u00e4rkebiskopss\u00e4te inom Svenska kyrkan. I Uppsala finns Uppsala universitet som \u00e4r Sveriges f\u00f6rsta universitet, grundat redan 1477.<\/span><\/p>\n<p style=\"text-align: left;\"><span style=\"color: #ffffff;\">I Uppsala finns det mesta och med t\u00e5get n\u00e5r du Stockholm p\u00e5 drygt en halvtimme. H\u00e4r finns helt enkelt massor att uppt\u00e4cka av gemenskap, studier, historia och kultur.<\/span><\/p>\n<p style=\"text-align: left;\"><span style=\"color: #ffffff;\">V\u00e4lkommen hit, v\u00e4lkommen hem!<\/span><\/p>\n<div style=\"text-align: left;\"><\/div>\n<p>[\/et_pb_text][\/et_pb_column][\/et_pb_row][\/et_pb_section]<\/p>\n","protected":false},"excerpt":{"rendered":"<p>Bo p\u00e5 skolan Bibelskolans elever prioriteras och intresseanm\u00e4lningar\u00a0behandlas i enlighet med EFS riktlinjer f\u00f6r hyresg\u00e4ster.Vill du bo p\u00e5 studenthemmet? S\u00f6ker du under sommaren kan vi inte garantera plats p\u00e5 internatboende. Du kan \u00e4nd\u00e5 skicka en intresseanm\u00e4lan till\u00a0studenthemmet@efs.nuAns\u00f6kningar behandlas senare under sommaren i m\u00e5n av plats. Rumshyran varierar beroende p\u00e5 typen av rum. Det finns enkelrum [&hellip;]<\/p>\n","protected":false},"author":1,"featured_media":0,"parent":0,"menu_order":0,"comment_status":"closed","ping_status":"closed","template":"","meta":{"_et_pb_use_builder":"on","_et_pb_old_content":"","_et_gb_content_width":"","footnotes":""},"class_list":["post-27","page","type-page","status-publish","hentry"],"_links":{"self":[{"href":"https:\/\/johannelund.nu\/bibelskola\/wp-json\/wp\/v2\/pages\/27","targetHints":{"allow":["GET"]}}],"collection":[{"href":"https:\/\/johannelund.nu\/bibelskola\/wp-json\/wp\/v2\/pages"}],"about":[{"href":"https:\/\/johannelund.nu\/bibelskola\/wp-json\/wp\/v2\/types\/page"}],"author":[{"embeddable":true,"href":"https:\/\/johannelund.nu\/bibelskola\/wp-json\/wp\/v2\/users\/1"}],"replies":[{"embeddable":true,"href":"https:\/\/johannelund.nu\/bibelskola\/wp-json\/wp\/v2\/comments?post=27"}],"version-history":[{"count":144,"href":"https:\/\/johannelund.nu\/bibelskola\/wp-json\/wp\/v2\/pages\/27\/revisions"}],"predecessor-version":[{"id":1820,"href":"https:\/\/johannelund.nu\/bibelskola\/wp-json\/wp\/v2\/pages\/27\/revisions\/1820"}],"wp:attachment":[{"href":"https:\/\/johannelund.nu\/bibelskola\/wp-json\/wp\/v2\/media?parent=27"}],"curies":[{"name":"wp","href":"https:\/\/api.w.org\/{rel}","templated":true}]}}