{"id":14,"date":"2020-12-09T16:20:14","date_gmt":"2020-12-09T15:20:14","guid":{"rendered":"https:\/\/johannelund.nu\/bibelskola\/?page_id=14"},"modified":"2026-02-10T16:04:40","modified_gmt":"2026-02-10T15:04:40","slug":"kontakt","status":"publish","type":"page","link":"https:\/\/johannelund.nu\/bibelskola\/kontakt\/","title":{"rendered":"Kontakt"},"content":{"rendered":"<p>[et_pb_section fb_built=&#8221;1&#8243; fullwidth=&#8221;on&#8221; admin_label=&#8221;Hero Section&#8221; _builder_version=&#8221;4.16&#8243; background_color=&#8221;#eae0a6&#8243; background_enable_video_mp4=&#8221;off&#8221; custom_margin=&#8221;-63px||||false|false&#8221; custom_padding=&#8221;49px||||false|false&#8221; locked=&#8221;off&#8221; global_colors_info=&#8221;{}&#8221;][et_pb_fullwidth_header text_orientation=&#8221;center&#8221; button_one_url=&#8221;@ET-DC@eyJkeW5hbWljIjp0cnVlLCJjb250ZW50IjoicG9zdF9saW5rX3VybF9wYWdlIiwic2V0dGluZ3MiOnsicG9zdF9pZCI6IjE0In19@&#8221; background_overlay_color=&#8221;rgba(9,9,9,0)&#8221; content_max_width=&#8221;550px&#8221; _builder_version=&#8221;4.16&#8243; _dynamic_attributes=&#8221;button_one_url&#8221; title_font=&#8221;Playfair Display SC|700||on|||||&#8221; title_text_align=&#8221;center&#8221; title_text_color=&#8221;#eae0a6&#8243; title_font_size=&#8221;65px&#8221; title_letter_spacing=&#8221;2px&#8221; title_line_height=&#8221;1.8em&#8221; subhead_font=&#8221;Playfair Display|700||on|||||&#8221; subhead_text_align=&#8221;left&#8221; subhead_text_color=&#8221;#eae0a6&#8243; subhead_font_size=&#8221;48px&#8221; subhead_line_height=&#8221;1.4em&#8221; background_color=&#8221;rgba(9,9,9,0.3)&#8221; background_image=&#8221;https:\/\/johannelund.nu\/bibelskola\/wp-content\/uploads\/2020\/12\/J-lund-skylt.jpg&#8221; background_position=&#8221;top_center&#8221; background_enable_video_mp4=&#8221;off&#8221; custom_button_one=&#8221;on&#8221; button_one_text_color=&#8221;#090909&#8243; button_one_border_width=&#8221;1px&#8221; button_one_border_color=&#8221;#090909&#8243; button_one_border_radius=&#8221;0px&#8221; button_one_letter_spacing=&#8221;1px&#8221; button_one_font=&#8221;Saira Extra Condensed|600||on|||||&#8221; button_one_icon=&#8221;&#x24;||divi||400&#8243; button_one_icon_color=&#8221;#090909&#8243; custom_button_two=&#8221;on&#8221; button_two_border_width=&#8221;1px&#8221; button_two_border_color=&#8221;rgba(255,255,255,0.3)&#8221; button_two_border_radius=&#8221;0px&#8221; button_two_letter_spacing=&#8221;1px&#8221; button_two_font=&#8221;Saira Extra Condensed|600||on|||||&#8221; button_two_icon=&#8221;&#x24;||divi||400&#8243; button_two_icon_color=&#8221;#edbb5f&#8221; module_alignment=&#8221;right&#8221; min_height=&#8221;300px&#8221; custom_margin=&#8221;||||false|false&#8221; custom_padding=&#8221;4%||65px||false|false&#8221; button_one_text_color_hover=&#8221;#edbb5f&#8221; button_two_text_color_hover=&#8221;#edbb5f&#8221; button_one_bg_color_hover=&#8221;rgba(0,0,0,0)&#8221; button_two_bg_color_hover=&#8221;rgba(0,0,0,0)&#8221; global_colors_info=&#8221;{}&#8221; button_one_text_size__hover_enabled=&#8221;off&#8221; button_two_text_size__hover_enabled=&#8221;off&#8221; button_one_text_color__hover_enabled=&#8221;on|hover&#8221; button_one_text_color__hover=&#8221;#090909&#8243; button_two_text_color__hover_enabled=&#8221;on&#8221; button_two_text_color__hover=&#8221;#edbb5f&#8221; button_one_border_width__hover_enabled=&#8221;off&#8221; button_two_border_width__hover_enabled=&#8221;off&#8221; button_one_border_color__hover_enabled=&#8221;off&#8221; button_two_border_color__hover_enabled=&#8221;off&#8221; button_one_border_radius__hover_enabled=&#8221;off&#8221; button_two_border_radius__hover_enabled=&#8221;off&#8221; button_one_letter_spacing__hover_enabled=&#8221;off&#8221; button_two_letter_spacing__hover_enabled=&#8221;off&#8221; button_one_bg_color__hover_enabled=&#8221;on|hover&#8221; button_one_bg_color__hover=&#8221;rgba(0,0,0,0)&#8221; button_two_bg_color__hover_enabled=&#8221;on&#8221; button_two_bg_color__hover=&#8221;rgba(0,0,0,0)&#8221;][\/et_pb_fullwidth_header][\/et_pb_section][et_pb_section fb_built=&#8221;1&#8243; admin_label=&#8221;Services&#8221; _builder_version=&#8221;4.25.1&#8243; background_color=&#8221;rgba(78,101,83,0.31)&#8221; background_enable_image=&#8221;off&#8221; background_size=&#8221;initial&#8221; background_position=&#8221;top_left&#8221; custom_margin=&#8221;|||&#8221; custom_padding=&#8221;0px|0px|70px|0px||&#8221; global_colors_info=&#8221;{}&#8221;][et_pb_row column_structure=&#8221;1_3,1_3,1_3&#8243; _builder_version=&#8221;4.25.1&#8243; _module_preset=&#8221;default&#8221; global_colors_info=&#8221;{}&#8221;][et_pb_column type=&#8221;1_3&#8243; _builder_version=&#8221;4.16&#8243; _module_preset=&#8221;default&#8221; global_colors_info=&#8221;{}&#8221;][et_pb_team_member name=&#8221;Johannes B\u00f6rjesson&#8221; position=&#8221;kursf\u00f6rest\u00e5ndare&#8221; image_url=&#8221;https:\/\/johannelund.nu\/bibelskola\/wp-content\/uploads\/2025\/04\/Johannes_Borjesson_MG_5043.jpg&#8221; admin_label=&#8221;JB&#8221; _builder_version=&#8221;4.27.4&#8243; _module_preset=&#8221;default&#8221; position_font=&#8221;|600||on|||||&#8221; position_text_color=&#8221;#000000&#8243; text_orientation=&#8221;center&#8221; custom_css_member_image=&#8221;max-height: 300px;||max-width: 300px;||min-height: 300px;||min-width: 300px;&#8221; border_radii_image=&#8221;on|154px|154px|154px|154px&#8221; border_color_all_image=&#8221;rgba(0,0,0,0)&#8221; box_shadow_style_image=&#8221;preset3&#8243; global_colors_info=&#8221;{}&#8221;]<\/p>\n<p><a href=\"mailto:johannes.borjesson@johannelund.nu\">johannes.borjesson@johannelund.nu<\/a><\/p>\n<p><span>H\u00f6gskolelektor i systematisk teologi<\/span><\/p>\n<p>[\/et_pb_team_member][\/et_pb_column][et_pb_column type=&#8221;1_3&#8243; _builder_version=&#8221;4.16&#8243; _module_preset=&#8221;default&#8221; global_colors_info=&#8221;{}&#8221;][et_pb_team_member name=&#8221;Debora Lindberg&#8221; position=&#8221;V\u00c4RDINNA OCH ADMINISTRAT\u00d6R STUDENTHEMMET&#8221; image_url=&#8221;https:\/\/johannelund.nu\/bibelskola\/wp-content\/uploads\/2025\/04\/red_MG_7933-1.jpg&#8221; admin_label=&#8221;JB&#8221; _builder_version=&#8221;4.25.1&#8243; _module_preset=&#8221;default&#8221; position_font=&#8221;|600||on|||||&#8221; position_text_color=&#8221;#000000&#8243; text_orientation=&#8221;center&#8221; custom_css_member_image=&#8221;max-height: 300px;||max-width: 300px;||min-height: 300px;||min-width: 300px;&#8221; border_radii_image=&#8221;on|154px|154px|154px|154px&#8221; border_color_all_image=&#8221;rgba(0,0,0,0)&#8221; box_shadow_style_image=&#8221;preset3&#8243; global_colors_info=&#8221;{}&#8221;]<\/p>\n<p><a href=\"mailto:Studenthemmet@efs.nu\" target=\"_blank\" rel=\"noopener\">studenthemmet@efs.nu<\/a><\/p>\n<p>[\/et_pb_team_member][\/et_pb_column][et_pb_column type=&#8221;1_3&#8243; _builder_version=&#8221;4.16&#8243; _module_preset=&#8221;default&#8221; global_colors_info=&#8221;{}&#8221;][\/et_pb_column][\/et_pb_row][et_pb_row column_structure=&#8221;1_3,1_3,1_3&#8243; _builder_version=&#8221;4.25.1&#8243; _module_preset=&#8221;default&#8221; global_colors_info=&#8221;{}&#8221;][et_pb_column type=&#8221;1_3&#8243; _builder_version=&#8221;4.16&#8243; _module_preset=&#8221;default&#8221; global_colors_info=&#8221;{}&#8221;][et_pb_team_member name=&#8221;veronica widell&#8221; position=&#8221;l\u00e4rare i sj\u00e4lav\u00e5rd och pastorala kurser&#8221; image_url=&#8221;https:\/\/johannelund.nu\/bibelskola\/wp-content\/uploads\/2025\/03\/kvadrat_VerociaWidell_portratt_fotoMariaLandalv.png&#8221; admin_label=&#8221;vw&#8221; _builder_version=&#8221;4.25.1&#8243; _module_preset=&#8221;default&#8221; position_font=&#8221;|600||on|||||&#8221; position_text_color=&#8221;#000000&#8243; text_orientation=&#8221;center&#8221; custom_css_member_image=&#8221;max-height: 300px;||max-width: 300px;||min-height: 300px;||min-width: 300px;&#8221; border_radii_image=&#8221;on|154px|154px|154px|154px&#8221; border_color_all_image=&#8221;rgba(0,0,0,0)&#8221; box_shadow_style_image=&#8221;preset3&#8243; global_colors_info=&#8221;{}&#8221;]<\/p>\n<p><a href=\"mailto:james.starr@johannelund.nu\">veronica.widell@johannelund.nu<\/a><\/p>\n<p><a href=\"callto:+4618169928\">018-16 99 15<br \/><\/a><\/p>\n<p>[\/et_pb_team_member][\/et_pb_column][et_pb_column type=&#8221;1_3&#8243; _builder_version=&#8221;4.16&#8243; _module_preset=&#8221;default&#8221; global_colors_info=&#8221;{}&#8221;][et_pb_team_member name=&#8221;Stefan lindholm &#8221; position=&#8221;H\u00f6gskolelektor i systematisk teologi och religionsfilosofi, docent i systematisk teologi&#8221; image_url=&#8221;https:\/\/johannelund.nu\/bibelskola\/wp-content\/uploads\/2021\/08\/STEFAN_MG_3233.jpg&#8221; admin_label=&#8221;SL&#8221; _builder_version=&#8221;4.27.4&#8243; _module_preset=&#8221;default&#8221; position_font=&#8221;|600||on|||||&#8221; position_text_color=&#8221;#000000&#8243; text_orientation=&#8221;center&#8221; custom_css_member_image=&#8221;max-height: 300px;||max-width: 300px;||min-height: 300px;||min-width: 300px;&#8221; border_radii_image=&#8221;on|154px|154px|154px|154px&#8221; border_color_all_image=&#8221;rgba(0,0,0,0)&#8221; box_shadow_style_image=&#8221;preset3&#8243; global_colors_info=&#8221;{}&#8221;]<\/p>\n<p>&nbsp;<\/p>\n<p><a href=\"mailto:stefan.lindholm@johannelund.nu\">stefan.lindholm@johannelund.nu<\/a><\/p>\n<p><a href=\"callto:+4618162422\">018-16 99 08<\/a><\/p>\n<p>&nbsp;<\/p>\n<p>[\/et_pb_team_member][\/et_pb_column][et_pb_column type=&#8221;1_3&#8243; _builder_version=&#8221;4.16&#8243; _module_preset=&#8221;default&#8221; global_colors_info=&#8221;{}&#8221;][et_pb_team_member name=&#8221;Tommy Hargemark&#8221; position=&#8221;L\u00e4rare i praktisk och systematisk teologi&#8221; image_url=&#8221;https:\/\/johannelund.nu\/bibelskola\/wp-content\/uploads\/2022\/08\/Tommy_MG_3210.jpg&#8221; admin_label=&#8221;TH&#8221; _builder_version=&#8221;4.25.1&#8243; _module_preset=&#8221;default&#8221; position_font=&#8221;|600||on|||||&#8221; position_text_color=&#8221;#000000&#8243; text_orientation=&#8221;center&#8221; border_radii_image=&#8221;on|50%|50%|50%|50%&#8221; border_color_all_image=&#8221;rgba(0,0,0,0)&#8221; box_shadow_style_image=&#8221;preset3&#8243; global_colors_info=&#8221;{}&#8221;]<\/p>\n<p><a href=\"mailto:tommy.hargemark@johannelund.nu\">tommy.hargemark@johannelund.nu<\/a><\/p>\n<p>&nbsp;<\/p>\n<p>[\/et_pb_team_member][\/et_pb_column][\/et_pb_row][et_pb_row column_structure=&#8221;1_3,1_3,1_3&#8243; _builder_version=&#8221;4.16&#8243; _module_preset=&#8221;default&#8221; global_colors_info=&#8221;{}&#8221;][et_pb_column type=&#8221;1_3&#8243; _builder_version=&#8221;4.16&#8243; _module_preset=&#8221;default&#8221; global_colors_info=&#8221;{}&#8221;][et_pb_team_member name=&#8221;Torbj\u00f6rn Larspers&#8221; position=&#8221;l\u00e4rare i kyrkohistoria&#8221; image_url=&#8221;https:\/\/johannelund.nu\/bibelskola\/wp-content\/uploads\/2022\/08\/torbjorn_MG_3201-1.jpg&#8221; _builder_version=&#8221;4.25.1&#8243; _module_preset=&#8221;default&#8221; position_font=&#8221;|600||on|||||&#8221; position_text_color=&#8221;#000000&#8243; text_orientation=&#8221;center&#8221; border_radii_image=&#8221;on|154px|154px|154px|154px&#8221; border_color_all_image=&#8221;rgba(0,0,0,0)&#8221; box_shadow_style_image=&#8221;preset3&#8243; global_colors_info=&#8221;{}&#8221;]<\/p>\n<p><a href=\"mailto:torbjorn.larspers@johannelund.nu\">torbjorn.larspers@johannelund.nu<\/a><\/p>\n<p>[\/et_pb_team_member][\/et_pb_column][et_pb_column type=&#8221;1_3&#8243; _builder_version=&#8221;4.16&#8243; _module_preset=&#8221;default&#8221; global_colors_info=&#8221;{}&#8221;][et_pb_team_member name=&#8221;David Nystr\u00f6m&#8221; position=&#8221;Tf rektor, l\u00e4rare i Nya testamentets exegetik och kyrkohistoria&#8221; image_url=&#8221;https:\/\/johannelund.nu\/bibelskola\/wp-content\/uploads\/2021\/08\/DAVID2_MG_3191.jpg&#8221; disabled_on=&#8221;off|off|off&#8221; admin_label=&#8221;David Nystr\u00f6m&#8221; _builder_version=&#8221;4.27.4&#8243; _module_preset=&#8221;default&#8221; position_font=&#8221;|600||on|||||&#8221; position_text_color=&#8221;#000000&#8243; text_orientation=&#8221;center&#8221; border_radii_image=&#8221;on|154px|154px|154px|154px&#8221; border_color_all_image=&#8221;rgba(0,0,0,0)&#8221; box_shadow_style_image=&#8221;preset3&#8243; global_colors_info=&#8221;{}&#8221;]<\/p>\n<p><a href=\"mailto:david.nystrom@johannelund.nu\">david.nystrom@johannelund.nu<\/a><\/p>\n<p>[\/et_pb_team_member][\/et_pb_column][et_pb_column type=&#8221;1_3&#8243; _builder_version=&#8221;4.16&#8243; _module_preset=&#8221;default&#8221; global_colors_info=&#8221;{}&#8221;][et_pb_team_member name=&#8221;Daniel Hjort&#8221; position=&#8221;L\u00e4rare i exegetisk teologi&#8221; image_url=&#8221;https:\/\/johannelund.nu\/bibelskola\/wp-content\/uploads\/2025\/10\/web_red_IMG_1231-scaled.jpg&#8221; _builder_version=&#8221;4.27.4&#8243; _module_preset=&#8221;default&#8221; position_font=&#8221;|600||on|||||&#8221; position_text_color=&#8221;#000000&#8243; text_orientation=&#8221;center&#8221; custom_css_member_image=&#8221;max-height: 300px;||max-width: 300px;||min-height: 300px;||min-width: 300px;&#8221; border_radii_image=&#8221;on|50%|50%|50%|50%&#8221; border_color_all_image=&#8221;rgba(0,0,0,0)&#8221; box_shadow_style_image=&#8221;preset3&#8243; global_colors_info=&#8221;{}&#8221;]<\/p>\n<p><a href=\"mailto:daniel.hjort@johannelund.nu\">daniel.hjort@johannelund.nu<\/a><\/p>\n<p>&nbsp;<\/p>\n<p>[\/et_pb_team_member][et_pb_team_member name=&#8221;Tomas Nygren&#8221; position=&#8221;Lektor i systematisk teologi&#8221; image_url=&#8221;https:\/\/johannelund.nu\/bibelskola\/wp-content\/uploads\/2022\/08\/tomas_MG_3198-1.jpg&#8221; disabled_on=&#8221;on|on|on&#8221; _builder_version=&#8221;4.25.1&#8243; _module_preset=&#8221;default&#8221; position_font=&#8221;|600||on|||||&#8221; position_text_color=&#8221;#000000&#8243; text_orientation=&#8221;center&#8221; border_radii_image=&#8221;on|154px|154px|154px|154px&#8221; border_color_all_image=&#8221;rgba(0,0,0,0)&#8221; box_shadow_style_image=&#8221;preset3&#8243; disabled=&#8221;on&#8221; global_colors_info=&#8221;{}&#8221;]<\/p>\n<p><a href=\"mailto:tomas.nygren@johannelund.nu\">tomas.nygren@johannelund.nu<\/a><\/p>\n<p><a href=\"callto:+4618-16 99 18\">018-16 99 21<\/a><\/p>\n<p>[\/et_pb_team_member][\/et_pb_column][\/et_pb_row][et_pb_row column_structure=&#8221;1_3,1_3,1_3&#8243; _builder_version=&#8221;4.16&#8243; _module_preset=&#8221;default&#8221; global_colors_info=&#8221;{}&#8221;][et_pb_column type=&#8221;1_3&#8243; _builder_version=&#8221;4.16&#8243; _module_preset=&#8221;default&#8221; global_colors_info=&#8221;{}&#8221;][\/et_pb_column][et_pb_column type=&#8221;1_3&#8243; _builder_version=&#8221;4.16&#8243; _module_preset=&#8221;default&#8221; global_colors_info=&#8221;{}&#8221;][\/et_pb_column][et_pb_column type=&#8221;1_3&#8243; _builder_version=&#8221;4.16&#8243; _module_preset=&#8221;default&#8221; global_colors_info=&#8221;{}&#8221;][\/et_pb_column][\/et_pb_row][\/et_pb_section][et_pb_section fb_built=&#8221;1&#8243; _builder_version=&#8221;4.16&#8243; _module_preset=&#8221;default&#8221; custom_padding=&#8221;0px||||false|false&#8221; global_colors_info=&#8221;{}&#8221;][et_pb_row _builder_version=&#8221;4.16&#8243; _module_preset=&#8221;default&#8221; global_colors_info=&#8221;{}&#8221;][et_pb_column type=&#8221;4_4&#8243; _builder_version=&#8221;4.16&#8243; _module_preset=&#8221;default&#8221; global_colors_info=&#8221;{}&#8221;][\/et_pb_column][\/et_pb_row][\/et_pb_section]<\/p>\n","protected":false},"excerpt":{"rendered":"<p>johannes.borjesson@johannelund.nu H\u00f6gskolelektor i systematisk teologistudenthemmet@efs.nuveronica.widell@johannelund.nu 018-16 99 15&nbsp; stefan.lindholm@johannelund.nu 018-16 99 08 &nbsp;tommy.hargemark@johannelund.nu &nbsp;torbjorn.larspers@johannelund.nudavid.nystrom@johannelund.nudaniel.hjort@johannelund.nu &nbsp;tomas.nygren@johannelund.nu 018-16 99 21<\/p>\n","protected":false},"author":1,"featured_media":0,"parent":0,"menu_order":0,"comment_status":"closed","ping_status":"closed","template":"","meta":{"_et_pb_use_builder":"on","_et_pb_old_content":"","_et_gb_content_width":"","footnotes":""},"class_list":["post-14","page","type-page","status-publish","hentry"],"_links":{"self":[{"href":"https:\/\/johannelund.nu\/bibelskola\/wp-json\/wp\/v2\/pages\/14","targetHints":{"allow":["GET"]}}],"collection":[{"href":"https:\/\/johannelund.nu\/bibelskola\/wp-json\/wp\/v2\/pages"}],"about":[{"href":"https:\/\/johannelund.nu\/bibelskola\/wp-json\/wp\/v2\/types\/page"}],"author":[{"embeddable":true,"href":"https:\/\/johannelund.nu\/bibelskola\/wp-json\/wp\/v2\/users\/1"}],"replies":[{"embeddable":true,"href":"https:\/\/johannelund.nu\/bibelskola\/wp-json\/wp\/v2\/comments?post=14"}],"version-history":[{"count":119,"href":"https:\/\/johannelund.nu\/bibelskola\/wp-json\/wp\/v2\/pages\/14\/revisions"}],"predecessor-version":[{"id":1809,"href":"https:\/\/johannelund.nu\/bibelskola\/wp-json\/wp\/v2\/pages\/14\/revisions\/1809"}],"wp:attachment":[{"href":"https:\/\/johannelund.nu\/bibelskola\/wp-json\/wp\/v2\/media?parent=14"}],"curies":[{"name":"wp","href":"https:\/\/api.w.org\/{rel}","templated":true}]}}